o + 2. Let x = w - -144. What is the units digit of x?
9
Suppose 53 = 9*u + 17. What is the units digit of 5 - (-299 + 2) - u?
8
Suppose -15*i - 13*i + 121968 = 0. What is the units digit of (-96)/18*7/((-112)/i)?
2
Let g = 9928 + -6304. Suppose -5*b = 4*l - g, 83*b - 2897 = 79*b - l. What is the hundreds digit of b?
7
Suppose -46*a - 14920 = -123*a + 17497. What is the hundreds digit of a?
4
Let p = 1157 - 1850. Let o = p + 1216. What is the units digit of o?
3
Let d = 220660 + -143096. What is the ten thousands digit of d?
7
Let b(s) = -51*s + 3. Let z be b(-4). Suppose -2*m + 3*c = 105, 7*m - 3*c + z = 3*m. What is the units digit of (-3)/(-1) - 7 - m?
7
Let j = -22 + 41. Suppose -5*z - g = -95, 0*z + 5*g = z - j. Suppose -z*t + 23*t - 172 = 0. What is the units digit of t?
3
Let h(g) = -3*g. Let t be h(1). Let w be t/2*-4 - (-12)/(-3). What is the units digit of -4 + 53 + 2/(-4)*w?
8
Let t = -113 - -115. Suppose -2*c = -4*c - t. What is the tens digit of c/(3 + (-225)/111 + -1)?
3
What is the hundreds digit of ((-1499)/(-3))/(-1*7 - (-680)/96)?
9
Let s be 1 + -2 + -6 + 11. Suppose 5*v - 5*a - 2740 = 0, 3*a = s*v - 2155 - 37. What is the units digit of v?
8
Suppose -k + 3*s = -9 + 3, -4 = -3*k - 5*s. Let g be ((-370)/15)/(1/k). Let r = -2 - g. What is the tens digit of r?
7
Suppose -3*p = -4*x - 22, 3*x + 8 = p + x. What is the hundreds digit of (96/p)/(1/32)?
5
Let p(v) be the third derivative of 25*v**4/8 + 4*v**3/3 - 158*v**2. Let r = 14 - 12. What is the units digit of p(r)?
8
What is the hundreds digit of (-6)/(-105) - 12*615470/(-1050)?
0
Let l(c) = -6*c - 36. Let u be l(-4). Let m be (-4)/10 - (-152)/(-20). What is the units digit of (u - 3)*(m - -1)?
5
Let x = -5374 - -12269. What is the thousands digit of x?
6
Let w be 11 - 13 - 1*121. Let z = w + 190. What is the units digit of z?
7
Let f(h) = -2*h**2 + 16*h + 18. Let n be f(9). Suppose -d + 4*d = n. Suppose d = -7*r + 4*r + 504. What is the units digit of r?
8
What is the units digit of 7/14 - 3*(-12481)/6?
1
Suppose 1196 = 2*u + y, -330*u + 325*u + 2988 = 3*y. What is the tens digit of u?
0
Suppose 5*j - 8*t = -5*t - 1025, 5*j = -5*t - 985. Let d = 240 + j. What is the units digit of d?
8
Suppose -168*d - 13152 = -164*d. What is the tens digit of ((-4)/(-3) - 1) + d/(-18)?
8
Let s be 20/(-120) + (24122/12)/7. Suppose -s*h = -283*h - 1580. What is the hundreds digit of h?
3
Let s(p) = 96*p**2 - 940*p - 14. What is the tens digit of s(-13)?
3
Let m(t) = -t**3 + 18*t**2 + 22*t + 18. Let a = 11 - 3. Let r be 149/a - (-6)/16. What is the tens digit of m(r)?
7
Let q be (-4)/1 + 8 + 0. Suppose -n + 65 = q*n. Let l = 3 + n. What is the tens digit of l?
1
Suppose -q - 175772 = -3*g, -5*g + 85093 = -q - 207861. What is the tens digit of g?
9
Let s = 150 + -138. Suppose -11373 = -s*c - 1245. What is the tens digit of c?
4
What is the tens digit of 136/(-34)*(310/15)/(2/(-1509))?
7
Let c be 1/(-4) - 100/(-16). Let j be c - ((-20)/(-8))/(10/8). Suppose -x + j*x = -3*g + 30, x - 9 = -2*g. What is the units digit of x?
1
Let j(y) = -4723*y - 88. What is the ten thousands digit of j(-3)?
1
Let q(u) = -4*u**2 - 3*u - 19. Let r be q(11). Let z = 766 + r. Suppose 2*o - z + 24 = 0. What is the hundreds digit of o?
1
Let y(p) = -p**2 + 18*p. Let o be y(18). Suppose 0 = 5*a, g - 5*a + 0*a - 290 = o. What is the hundreds digit of g?
2
Let l(a) = -a**3 - 10*a**2 - 5*a + 99. Let z be l(-8). Let d = 2 + 0. Let y = z + d. What is the units digit of y?
3
Let n(o) = 24*o**2 - 6*o - 16. Let x be n(6). Suppose 6*i = x + 2806. Suppose 603 = 3*m + 3*q, -3*m + 5*q = q - i. What is the tens digit of m?
0
Let b be 2 + -22*1/2. Let s = b - -15. Suppose -3*t = -6*t - 5*p - s, 4*t - 21 = 3*p. What is the units digit of t?
3
Let z(b) = 1 + 13 - 32 - 28 - 3*b. Let f be z(-17). Suppose -225 = -2*s + f*q, 1 + 2 = -3*q. What is the hundreds digit of s?
1
Let g(h) = -6*h**3 + 3*h**2 + 17*h + 30. Let d be g(-3). Suppose 3*u = -2*u + 1175. Let k = u - d. What is the tens digit of k?
6
What is the hundreds digit of 15 + -9 + (-2 - -3173)?
1
Let u = 8295 + -6229. What is the units digit of u?
6
Suppose -11390 - 14560 = -6*u. What is the tens digit of u?
2
Let z(w) be the first derivative of -w**4/4 - 3*w**3 - 6*w**2 + 20*w + 5. Let i = 357 - 367. What is the tens digit of z(i)?
4
Suppose 7*b = -45*b + 328848. What is the tens digit of b?
2
What is the tens digit of (-8)/(-240) + (-222329)/(-30)?
1
Suppose -8*z + 21853 + 27038 = 6859. What is the tens digit of z?
5
Suppose 13*i = 4*q + 235558, 33*q = 5*i + 37*q - 90638. What is the ten thousands digit of i?
1
Let n be -1*0/((-10)/5). What is the units digit of (n - 6 - -11) + 187?
2
What is the units digit of 3/((-6)/10924)*-3 - 5/(-1)?
1
Let v be 2/1*(50/4 - 0). Suppose v = -0*j + 5*j. Suppose j*u - 2 - 153 = 0. What is the units digit of u?
1
Suppose 5 = 5*c, -c - 4*c = 4*q - 65. Let r(f) = 29*f - 35. What is the tens digit of r(q)?
0
Suppose -24*l + 13*l + 1610928 = 37*l. What is the hundreds digit of l?
5
Suppose 2*i + 5*w + 72 = -17, 5*w + 25 = 0. Let m = i + 44. Let p(k) = 3*k - 1. What is the tens digit of p(m)?
3
Let k(h) = 330*h**3 + 7*h**2 + 11*h - 71. What is the tens digit of k(3)?
3
Suppose 2*j - 180 = -5*d, 2*d - 399*j - 72 = -401*j. What is the tens digit of d?
3
Let r = 948 + 210. Suppose -25*d + 24*d = -r. What is the units digit of d?
8
Let p(y) = 4*y**2 - 24*y - 11. Let x(b) = 11*b**2 - 23*b - 10. Let d(r) = -3*p(r) + 2*x(r). What is the units digit of d(-11)?
7
Suppose 3*g + 31 = 3*l - l, 3*l + 5*g = -1. Let p(j) = l*j**2 + 238 - j**3 + 4*j - 253 - 25*j**2. What is the tens digit of p(-18)?
3
Suppose 0*r + 1811 = -4*r - 3*k, 0 = -r + 4*k - 467. Let f = r + 672. What is the tens digit of f?
1
Let z = -1 + -15. What is the units digit of z/36 + (-10785)/(-27)?
9
Suppose -282 + 6 = -3*c. Suppose 0 = -11*p + 53 - 31. Suppose 3*w - c = p*w. What is the units digit of w?
2
Let f(v) = v - 12. Let d be f(12). Let r be 4 + (d - (3 - 2)). Suppose r*g - 279 = -m, -g + m - 91 = -2*g. What is the units digit of g?
4
Let s(p) = 2*p**3 + 10*p**2 + 8*p + 1. Let v be s(-4). What is the units digit of (-1 - 22/4)*(-1 - v)?
3
Let c(l) = 6*l**3 - 2*l - 1. Let d be c(2). Let p = -36 + d. Suppose -2*z - 25 = -p*z. What is the units digit of z?
5
Let z(r) = 65*r - 192. Suppose 4*p - 3*g - 18 = -7, 0 = 2*p - 5*g + 5. What is the tens digit of z(p)?
3
Suppose -44 = -6*t - 80. What is the units digit of t/21 - (-34916)/98?
6
Let n = -4146 - -4235. What is the tens digit of n?
8
Let c(q) = -q + 16. Let h be c(13). Let o(p) = 3 + h + 3 - 3 + 107*p. What is the tens digit of o(1)?
1
Let i(o) = -5*o + 181. Let w(v) = -88*v + 3256. Let f(b) = 55*i(b) - 3*w(b). What is the tens digit of f(-40)?
2
What is the ten thousands digit of 83553493/(-5637)*((-4)/(0 - -1) - -1)?
4
Let v = -147 - -428. Suppose r - 43 = 3*l + v, -321 = -r + 2*l. What is the units digit of r?
5
Let y = 156 - 279. Let g = y + 114. What is the hundreds digit of g + 8 - (1 - 142)?
1
Let n be 2/2*(-2382 + 9). Let k be (-2)/4 + n/(-56)*4. Let s = 259 - k. What is the units digit of s?
0
What is the tens digit of (180/(-35))/((-29)/19082)?
8
Suppose -z = 3*z - 5*m - 923, -3*m + 252 = z. Let o = -175 + z. What is the tens digit of o?
6
Suppose 165186 = -477*k + 483*k. What is the tens digit of k?
3
Let r(n) = -726*n**3 - n**2 + 1. Let t be r(-1). Let x = t - 368. What is the tens digit of x?
5
Let a = -51 - 415. Let h = a + 478. What is the units digit of h?
2
Suppose -4*q - 2778 = 3*n + 2*n, -4*n + q = 2214. Let u = n - -1286. What is the tens digit of u?
3
Suppose 11*j - 6*j + 5 = 5*y, -5 = j - 2*y. Suppose -28*a = -5*x - 26*a + 4485, 2*x = j*a + 1794. What is the tens digit of x?
9
Suppose -68*u + 21513465 = 82*u + 215*u. What is the tens digit of u?
4
Suppose 3*l - 6*l = 5*z + 66, 4*z = 3*l + 39. Let q(j) = -48*j - 88. What is the units digit of q(l)?
8
Let z(x) = 43*x - 231. Let q(f) = -2. Let m(k) = -3*q(k) + z(k). What is the tens digit of m(8)?
1
Let r(q) be the third derivative of -11*q**4/24 - 9*q**3 - q**2. Suppose -4*j + 0*g - 3*g - 60 = 0, 3*j = -g - 40. What is the tens digit of r(j)?
7
Let x(i) be the third derivative of -5*i**4/12 - 31*i**3/6 - i**2. Let t(o) = -o**2 - 12*o + 70. Let n be t(-17). What is 